at is the remainder when 25441 is divided by 3621?
94
Calculate the remainder when 324 is divided by 67.
56
Calculate the remainder when 6630 is divided by 3.
0
What is the remainder when 11274 is divided by 403?
393
What is the remainder when 2396 is divided by 2358?
38
Calculate the remainder when 14936 is divided by 711.
5
Calculate the remainder when 14629 is divided by 2918.
39
Calculate the remainder when 1361 is divided by 340.
1
What is the remainder when 8537997 is divided by 300?
297
Calculate the remainder when 82320 is divided by 260.
160
What is the remainder when 532262 is divided by 177417?
11
What is the remainder when 9682 is divided by 44?
2
What is the remainder when 19462 is divided by 11?
3
Calculate the remainder when 161318 is divided by 32261.
13
Calculate the remainder when 2573 is divided by 125.
73
What is the remainder when 25037 is divided by 1318?
1313
Calculate the remainder when 129163 is divided by 262.
259
Calculate the remainder when 656106 is divided by 15621.
24
Calculate the remainder when 280878 is divided by 95.
58
What is the remainder when 19857 is divided by 245?
12
Calculate the remainder when 86005 is divided by 340.
325
What is the remainder when 94597 is divided by 220?
217
What is the remainder when 13342 is divided by 535?
502
Calculate the remainder when 5919 is divided by 2562.
795
Calculate the remainder when 1282 is divided by 1179.
103
Calculate the remainder when 22304 is divided by 4393.
339
Calculate the remainder when 8196 is divided by 2724.
24
What is the remainder when 52064 is divided by 26031?
2
What is the remainder when 333485 is divided by 1746?
1745
What is the remainder when 101332 is divided by 239?
235
Calculate the remainder when 62491 is divided by 683.
338
Calculate the remainder when 2624723 is divided by 15.
8
What is the remainder when 165018 is divided by 1000?
18
What is the remainder when 108978 is divided by 72?
42
What is the remainder when 38334 is divided by 36?
30
What is the remainder when 6708 is divided by 210?
198
Calculate the remainder when 470538 is divided by 61.
45
Calculate the remainder when 116034 is divided by 38.
20
Calculate the remainder when 150253 is divided by 105.
103
What is the remainder when 258737 is divided by 777?
773
Calculate the remainder when 194111 is divided by 288.
287
What is the remainder when 1917 is divided by 98?
55
What is the remainder when 3283 is divided by 37?
27
Calculate the remainder when 24296 is divided by 63.
41
What is the remainder when 78446 is divided by 19610?
6
Calculate the remainder when 134175 is divided by 68.
11
Calculate the remainder when 471699 is divided by 94337.
14
Calculate the remainder when 486035 is divided by 48.
35
Calculate the remainder when 33936 is divided by 33782.
154
What is the remainder when 67293 is divided by 1602?
9
Calculate the remainder when 94225 is divided by 889.
880
Calculate the remainder when 284484 is divided by 47413.
6
Calculate the remainder when 20523 is divided by 9.
3
Calculate the remainder when 977 is divided by 475.
27
Calculate the remainder when 5559121 is divided by 1625.
1621
Calculate the remainder when 11692 is divided by 355.
332
Calculate the remainder when 865278 is divided by 65.
63
Calculate the remainder when 11632248 is divided by 1445.
1443
Calculate the remainder when 9529 is divided by 9509.
20
Calculate the remainder when 1398 is divided by 105.
33
Calculate the remainder when 2640 is divided by 539.
484
Calculate the remainder when 29572 is divided by 61.
48
Calculate the remainder when 65596 is divided by 4.
0
Calculate the remainder when 4466251 is divided by 19.
16
Calculate the remainder when 7970 is divided by 109.
13
What is the remainder when 5279 is divided by 52?
27
What is the remainder when 148334 is divided by 439?
391
What is the remainder when 1268 is divided by 394?
86
Calculate the remainder when 656456 is divided by 18.
14
Calculate the remainder when 45876 is divided by 7630.
96
What is the remainder when 1258 is divided by 210?
208
Calculate the remainder when 32879 is divided by 259.
245
What is the remainder when 7054 is divided by 31?
17
What is the remainder when 4312 is divided by 62?
34
What is the remainder when 25166 is divided by 837?
56
Calculate the remainder when 221049 is divided by 53.
39
Calculate the remainder when 6329 is divided by 993.
371
Calculate the remainder when 31762 is divided by 239.
214
What is the remainder when 570403 is divided by 277?
60
Calculate the remainder when 2832 is divided by 158.
146
Calculate the remainder when 21346 is divided by 54.
16
What is the remainder when 226770 is divided by 17?
7
What is the remainder when 1865 is divided by 566?
167
Calculate the remainder when 116621 is divided by 488.
477
Calculate the remainder when 64426 is divided by 21468.
22
Calculate the remainder when 2746 is divided by 910.
16
Calculate the remainder when 4238 is divided by 87.
62
What is the remainder when 15306 is divided by 2185?
11
What is the remainder when 2558906 is divided by 1633?
1628
Calculate the remainder when 2880 is divided by 18.
0
What is the remainder when 58105 is divided by 398?
395
Calculate the remainder when 311 is divided by 145.
21
What is the remainder when 376802 is divided by 19?
13
Calculate the remainder when 7977 is divided by 266.
263
What is the remainder when 17709 is divided by 76?
1
Calculate the remainder when 301655 is divided by 31.
25
Calculate the remainder when 1651 is divided by 134.
43
What is the remainder when 8111 is divided by 32?
15
Calculate the remainder when 6248 is divided by 157.
125
What is the remainder when 138927 is divided by 76?
75
Calculate the remainder when 154765 is divided by 109.
94
Calculate the remainder when 10903 is divided by 31.
22
Calculate the remainder when 120958 is divided by 15.
13
Calculate the remainder when 250638 is divided by 62621.
154
What is the remainder when 1253 is divided by 618?
17
Calculate the remainder when 26684 is divided by 75.
59
Calculate the remainder when 8890 is divided by 4188.
514
What is the remainder when 54633 is divided by 3634?
123
What is the remainder when 2960 is divided by 429?
386
Calculate the remainder when 195031 is divided by 980.
11
Calculate the remainder when 526 is divided by 499.
27
Calculate the remainder when 60935 is divided by 179.
75
Calculate the remainder when 87323 is divided by 30.
23
What is the remainder when 1208610 is divided by 201435?
0
What is the remainder when 1446487 is divided by 9?
7
What is the remainder when 77226 is divided by 9652?
10
What is the remainder when 5452 is divided by 67?
25
Calculate the remainder when 9452 is divided by 185.
17
What is the remainder when 539361 is divided by 195?
186
Calculate the remainder when 533 is divided by 168.
29
Calculate the remainder when 173 is divided by 7.
5
Calculate the remainder when 43724 is divided by 73.
70
What is the remainder when 13565 is divided by 3322?
277
What is the remainder when 10860 is divided by 217?
10
What is the remainder when 20490 is divided by 3412?
18
What is the remainder when 43527 is divided by 85?
7
Calculate the remainder when 1055 is divided by 999.
56
What is the remainder when 1860 is divided by 47?
27
What is the remainder when 12968 is divided by 6479?
10
What is the remainder when 50090 is divided by 157?
7
What is the remainder when 43586 is divided by 48?
2
Calculate the remainder when 13790 is divided by 4514.
248
What is the remainder when 292937 is divided by 755?
752
What is the remainder when 1505 is divided by 16?
1
Calculate the remainder when 1092 is divided by 53.
32
Calculate the remainder when 10108 is divided by 72.
28
Calculate the remainder when 21997 is divided by 21947.
50
What is the remainder when 63338 is divided by 10?
8
Calculate the remainder when 1499415 is divided by 184.
183
What is the remainder when 1084 is divided by 521?
42
What is the remainder when 4532 is divided by 148?
92
What is the remainder when 47194 is divided by 23?
21
What is the remainder when 1385 is divided by 222?
53
What is the remainder when 92157 is divided by 231?
219
What is the remainder when 120349 is divided by 5469?
31
Calculate the remainder when 1585 is 